1
Let s(l) = l**3 - 5*l**2 + 28*l + 36. Give s(9).
612
Let d(z) = z**3 - 31*z**2 - 70*z + 47. Give d(33).
-85
Let r(w) = w**3 + 12*w**2 - 17. What is r(-11)?
104
Let m(k) = -388*k + 5436. Determine m(14).
4
Let d(x) = -x**3 - 21*x**2 - x - 73. Calculate d(-21).
-52
Let x(c) = -c**3 - 4*c**2 - c + 7. Give x(0).
7
Let q(r) = -31*r + 126. Give q(-9).
405
Let h(w) = 2*w**2 - 288*w + 2916. What is h(133)?
-10
Let v(h) = h**3 + 103*h**2 - 14*h - 1445. Give v(-103).
-3
Let y(u) = -466*u + 24226. Determine y(52).
-6
Let t(w) = 83*w - 2349. Calculate t(29).
58
Let m(v) = -12*v**3 - 72*v**2 - 4*v - 29. Give m(-6).
-5
Let u(r) = -2*r**3 + 17*r**2 + 16*r - 181. What is u(8)?
11
Let f(z) = -5*z**3 + 44*z**2 - 30*z - 27. What is f(8)?
-11
Let h(g) = 3*g**3 + 12*g**2 + 114*g + 556. Determine h(-5).
-89
Let j(x) = -3*x**2 + 312*x - 4851. Give j(19).
-6
Let p(r) = 3*r**2 - r + 93. What is p(6)?
195
Let n(p) = -3*p**3 - 40*p**2 - 95*p + 15. What is n(-7)?
-251
Let n(w) = -49*w - 184. Give n(-5).
61
Let v(r) = -r**2 + 111*r + 2048. What is v(127)?
16
Let o(l) = -174*l + 2044. What is o(12)?
-44
Let q(p) = -1123*p + 15. What is q(0)?
15
Let u(p) = -p**3 + 8*p**2 - 151*p + 2037. Determine u(11).
13
Let i(b) = 4*b**2 - 3*b + 2. Calculate i(2).
12
Let l(m) = -195*m - 3516. Calculate l(-18).
-6
Let g(x) = -4*x**3 + 62*x**2 - 17*x - 213. Calculate g(15).
-18
Let p(t) = -t**3 + 135*t**2 + 4567*t - 476. Determine p(163).
13
Let u(j) = -j**3 + 17*j**2 + j - 36. Calculate u(17).
-19
Let c(l) = 101*l - 665. What is c(7)?
42
Let n(c) = 19*c + 1036. What is n(-33)?
409
Let l(a) = -68*a - 16. What is l(-2)?
120
Let o(f) = -f**3 - 9*f**2 - 14*f + 6. Calculate o(-4).
-18
Let v(z) = -z**2 - 80*z - 385. Give v(-5).
-10
Let g(t) = 5*t**2 - 39*t - 335. Determine g(-7).
183
Let c(g) = 5*g**3 - 276*g**2 + 55*g + 13. Calculate c(55).
13
Let p(h) = 1234*h - 37029. Calculate p(30).
-9
Let c(h) = 110*h**2 + 986*h - 29. Determine c(-9).
7
Let c(j) = -2*j**2 + 80*j + 9. What is c(41)?
-73
Let p(z) = z**3 + 161*z**2 + 2060*z + 291. Determine p(-147).
-3
Let g(r) = 6*r**2 - 13*r - 48. Give g(-2).
2
Let s(u) = u**3 - 6*u**2 + 66*u - 513. Calculate s(7).
-2
Let f(w) = w**3 - 22*w**2 - 47*w + 24. What is f(24)?
48
Let a(i) = i**3 - 2*i**2 - 6*i + 263. Determine a(0).
263
Let j(m) = -346*m - 2780. Calculate j(-8).
-12
Let u(t) = t**2 + 31*t + 19. What is u(-19)?
-209
Let n(b) = -2*b**2 - 151*b + 612. Determine n(4).
-24
Let x(s) = -2565*s - 10104. Determine x(-4).
156
Let z(q) = -8*q**2 + 126*q - 252. Calculate z(2).
-32
Let i(c) = 32443*c + 421761. Give i(-13).
2
Let a(b) = b**3 - 36*b**2 + 5*b - 173. Give a(36).
7
Let q(s) = -866*s + 7805. Give q(9).
11
Let l(f) = f**2 + 150*f - 2285. Calculate l(14).
11
Let b(y) = 2*y**2 - 126*y + 118. Calculate b(62).
-6
Let k(l) = 181*l**2 - 9*l - 11. What is k(-1)?
179
Let b(a) = -a**2 - 53*a - 451. Determine b(-42).
11
Let m(h) = h**3 + 41*h**2 + 243*h + 170. Determine m(-34).
0
Let r(f) = -f**3 + 45*f**2 - 322*f - 49. Give r(36).
23
Let t(b) = -147*b - 3852. Determine t(-26).
-30
Let w(p) = 53*p + 4964. Determine w(-85).
459
Let f(g) = -2*g**2 + 241*g + 112. Determine f(121).
-9
Let y(b) = -b**3 + 9*b**2 + 3*b - 100. What is y(3)?
-37
Let y(m) = -15*m - 313. What is y(-24)?
47
Let c(l) = l**3 - 214*l**2 + 437*l - 2759. Give c(212).
-3
Let g(f) = 3*f**2 - 10*f + 1. Give g(-10).
401
Let s(z) = 12*z**2 + 214*z - 38. Calculate s(-18).
-2
Let p(g) = g**3 + 120*g**2 - 241*g + 416. Give p(-122).
50
Let m(u) = 5*u**2 + 12*u - 48. What is m(6)?
204
Let y(v) = v**2 - 237*v + 3504. What is y(16)?
-32
Let b(p) = 84*p**2 + 1090*p - 26. What is b(-13)?
0
Let m(q) = 4*q + 28. Calculate m(3).
40
Let v(x) = 572*x + 2290. Determine v(-4).
2
Let t(f) = 35*f - 112. Determine t(8).
168
Let u(a) = a**3 - 77*a**2 - 3*a - 273. Determine u(77).
-504
Let j(z) = z**3 + 31*z**2 + 39*z + 233. Calculate j(-30).
-37
Let d(h) = h**3 + 8*h**2 + 17*h - 1. What is d(-6)?
-31
Let s(q) = 6*q**3 - 115*q**2 + 223*q + 2. Give s(17).
36
Let x(m) = 2*m**3 + 170*m**2 + 1632*m + 8. Give x(-11).
-36
Let v(x) = -x**3 + 39*x**2 - 42*x - 258. Determine v(37).
926
Let h(p) = p**3 - 19*p**2 - 92*p - 7. What is h(23)?
-7
Let n(y) = -y**3 - 13*y**2 - 16*y + 88. Calculate n(-10).
-52
Let v(r) = -r**3 - 8*r**2 - 48*r - 44. Calculate v(-8).
340
Let a(u) = 11*u + 372. Calculate a(-8).
284
Let z(s) = s**3 + 4*s**2 - 35*s - 23. Calculate z(-7).
75
Let k(o) = o**3 + 37*o**2 + 30*o - 139. What is k(-36)?
77
Let y(z) = 1429*z - 38613. Calculate y(27).
-30
Let g(l) = l**3 - 2*l**2 - 110*l - 23. What is g(-7)?
306
Let l(m) = -1593*m - 12685. Calculate l(-8).
59
Let j(w) = w**2 + 68*w + 213. Determine j(-56).
-459
Let p(r) = -r**3 - 20*r**2 - 81*r + 7. Determine p(-6).
-11
Let h(l) = -l**3 + 11*l**2 + 37*l + 284. What is h(15)?
-61
Let j(a) = -a**2 + 7*a + 149. Give j(15).
29
Let y(r) = 18*r + 2295. Determine y(-128).
-9
Let p(b) = -383*b + 70852. Calculate p(185).
-3
Let i(g) = -34*g**2 - 4*g + 16. Determine i(1).
-22
Let m(b) = 16*b - 162. Determine m(18).
126
Let b(t) = t**3 + 4*t**2 - 4*t - 7. Determine b(-5).
-12
Let k(g) = g + 170. Give k(-10).
160
Let m(i) = -40*i**2 + 2*i - 6. Calculate m(0).
-6
Let k(c) = -432*c - 368. What is k(-1)?
64
Let x(c) = -c**3 + 158*c**2 - 762*c - 460. What is x(153)?
-1
Let p(r) = 2*r**3 - 23*r**2 + 28*r - 1. What is p(10)?
-21
Let q(k) = 52*k**2 + 26*k + 48. Calculate q(-2).
204
Let u(q) = 2*q**3 + 33*q**2 - 18*q - 12. Give u(-17).
5
Let w(a) = -2*a**3 + 124*a**2 - 6*a + 379. Calculate w(62).
7
Let t(h) = 5*h + 70. Determine t(-16).
-10
Let u(k) = -23*k**2 - 241*k - 105. Determine u(-10).
5
Let n(h) = -93*h + 1110. Determine n(12).
-6
Let j(s) = -43*s + 1615. Calculate j(39).
-62
Let g(r) = 2*r**2 + 41*r + 6. Calculate g(-21).
27
Let u(p) = -p**3 - 6*p**2 - 4*p + 6. Calculate u(-4).
-10
Let d(j) = j**3 - 6*j**2 + 16*j + 50. What is d(-2)?
-14
Let h(v) = -9*v**2 + 69*v - 65. Determine h(6).
25
Let r(f) = f**2 - 134*f + 3125. Calculate r(30).
5
Let z(h) = -373*h + 6335. Determine z(17).
-6
Let n(x) = -x**3 + 180*x**2 + 1508*x + 9. Calculate n(-8).
-23
Let n(c) = -49*c - 121. What is n(-2)?
-23
Let v(l) = 6*l - 67. Calculate v(-3).
-85
Let m(s) = 12*s**2 - 162*s + 81. What is m(13)?
3
Let p(a) = -185*a + 299. Give p(2).
-71
Let c(a) = 4*a**2 + 6*a - 2. Determine c(-5).
68
Let z(l) = -8*l**2 + 763*l - 298. Calculate z(95).
-13
Let a(j) = -4*j**3 - 91*j**2 - 4*j - 677. Calculate a(-23).
-56
Let u(y) = 57*y - 24. Calculate u(3).
147
Let u(m) = 34*m**2 + 4215*m - 147. Determine u(-124).
-23
Let o(q) = -7*q + 740. Determine o(82).
166
Let a(b) = 614*b + 1819. Determine a(-3).
-23
Let q(a) = -13*a**3 - 10*a**2 - 22*a - 18. Determine q(-1).
7
Let h(r) = r**3 + 65*r**2 + 138*r + 690. Calculate h(-63).
-66
Let h(m) = -5*m**2 + 43*m + 6. Calculate h(5).
96
Let l(s) = -436*s - 16566. What is l(-38)?
2
Let c(l) = -6*l + 45. Give c(-3).
63
Let d(w) = -w**3 - 27*w**2 - 31*w - 65. Calculate d(-26).
65
Let s(v) = -1182*v + 1182. Determine s(1).
0
Let v(d) = 801*d + 8012. Determine v(-10).
2
Let t(r) = -2*r**3 + 5*r**2 - 222*r + 2. Give t(0).
2
Let u(z) = 2*z**2 - 43*z + 24. Determine u(19).
-71
Let f(x) = x**2 - 76*x + 481. Determine f(7).
-2
Let x(v) = -154*v**3 + 2156*v**2 - 20*v + 295. What is x(14)?
15
Let r(k) = 2*k**3 + 207*k**2 + 812*k + 3. Give r(-4).
-61
Let z(i) = -71*i - 112. Calculate z(1).
-183
Let x(u) = -171*u - 862. Give x(-5).
-7
Let n(l) = -16*l**3 - 128*l**2 - 130*l - 1. What is n(-1)?
17
Let t(p) = 22*p**2 - 1275*p - 8. What is t(58)?
50
Let n(d) = -3*d**3 - 39*d**2 - 9*d - 102. Calculate n(-13).
15
Let o(a) = a**2 - 27*a - 74. What is o(-6)?
124
Let b(t) = -t**3 + 11*t**2 + 6*t - 178. Determine b(8).
62
Let m(y) = -y**3 + 38*y**2 - 154*y - 357. What is m(33)?
6
Let n(o) = 4*o**2 + 3. Calculate n(3).
39
Let h(k) = 2192*k - 10984. Calculate h(5).
-24
Let v(y) = 9*y**2 + 171*y - 834. What is v(4)?
-6
Let u(d) = d**3 + 26*d**2 + 6*d + 5. Calculate u(-26).
-151
Let z(d) = -36*d + 1713. Determine z(46).
57
Let l(i) = 1392*i + 2775. Determine l(-2).
-9
Let s(k) = -48*k - 3877. Give s(-82).
59
Let z(l) = -l**2 - 573*l + 6375. Give z(11).
-49
Let b(g) = 31*g + 351. Give b(-12).
-21
Let n(y) = -y**2 + 29*y + 3858. Give n(77).
162
Let v(f) = -36*f + 2255. Calculate v(62).
23
Let x(j)